{"id":115,"date":"2026-04-06T11:53:34","date_gmt":"2026-04-06T11:53:34","guid":{"rendered":"https:\/\/bootcampforma.online\/bochra\/?page_id=115"},"modified":"2026-04-10T01:23:14","modified_gmt":"2026-04-10T01:23:14","slug":"a-propos","status":"publish","type":"page","link":"https:\/\/bootcampforma.online\/bochra\/accueil\/a-propos\/","title":{"rendered":"A propos"},"content":{"rendered":"\t\t<div data-elementor-type=\"wp-page\" data-elementor-id=\"115\" class=\"elementor elementor-115\">\n\t\t\t\t<div class=\"elementor-element elementor-element-5f46e01 e-flex e-con-boxed e-con e-parent\" data-id=\"5f46e01\" data-element_type=\"container\" data-e-type=\"container\">\n\t\t\t\t\t<div class=\"e-con-inner\">\n\t\t\t\t<div class=\"elementor-element elementor-element-baea60a elementor-widget elementor-widget-shortcode\" data-id=\"baea60a\" data-element_type=\"widget\" data-e-type=\"widget\" data-widget_type=\"shortcode.default\">\n\t\t\t\t\t\t\t<div class=\"elementor-shortcode\"><nav aria-label=\"breadcrumbs\" class=\"rank-math-breadcrumb\"><p><\/p><\/nav><\/div>\n\t\t\t\t\t\t<\/div>\n\t\t\t\t\t<\/div>\n\t\t\t\t<\/div>\n\t\t<div class=\"elementor-element elementor-element-f2435c2 e-flex e-con-boxed e-con e-parent\" data-id=\"f2435c2\" data-element_type=\"container\" data-e-type=\"container\">\n\t\t\t\t\t<div class=\"e-con-inner\">\n\t\t\t\t<div class=\"elementor-element elementor-element-9469efa elementor-widget elementor-widget-heading\" data-id=\"9469efa\" data-element_type=\"widget\" data-e-type=\"widget\" data-widget_type=\"heading.default\">\n\t\t\t\t\t<h1 class=\"elementor-heading-title elementor-size-default\">J'ai choisi la MedTech, pas par hasard, par conviction.\n<\/h1>\t\t\t\t<\/div>\n\t\t\t\t\t<\/div>\n\t\t\t\t<\/div>\n\t\t<div class=\"elementor-element elementor-element-e4859d1 e-flex e-con-boxed e-con e-parent\" data-id=\"e4859d1\" data-element_type=\"container\" data-e-type=\"container\">\n\t\t\t\t\t<div class=\"e-con-inner\">\n\t\t<div class=\"elementor-element elementor-element-ad9514c e-con-full e-flex e-con e-child\" data-id=\"ad9514c\" data-element_type=\"container\" data-e-type=\"container\">\n\t\t\t\t\t\t\t\n\t\t\t<img class=\"e-image-base e-9e5471b-6e33c54\" \n\t\t\t\t\tdata-interaction-id=\"9e5471b\" \n\t\t \n\t\t \n\t\t\t\t\t\t\t\t\tid=\"580\"\n\t\t\t\t\t\t\t\t\t\t\t\tsrc=\"https:\/\/bootcampforma.online\/bochra\/wp-content\/uploads\/2026\/04\/Capture-decran-2026-04-10-a-02.50.22.png\"\n\t\t\t\t\t\t\t\t\t\t\t\twidth=\"1144\"\n\t\t\t\t\t\t\t\t\t\t\t\theight=\"888\"\n\t\t\t\t\t\t\t\t\t\t\t\tsrcset=\"https:\/\/bootcampforma.online\/bochra\/wp-content\/uploads\/2026\/04\/Capture-decran-2026-04-10-a-02.50.22.png 1144w, https:\/\/bootcampforma.online\/bochra\/wp-content\/uploads\/2026\/04\/Capture-decran-2026-04-10-a-02.50.22-300x233.png 300w, https:\/\/bootcampforma.online\/bochra\/wp-content\/uploads\/2026\/04\/Capture-decran-2026-04-10-a-02.50.22-1024x795.png 1024w, https:\/\/bootcampforma.online\/bochra\/wp-content\/uploads\/2026\/04\/Capture-decran-2026-04-10-a-02.50.22-768x596.png 768w\"\n\t\t\t\t\t\t\t\t\t\t\t\talt=\"Bochra Dethier, Sp\u00e9cialiste seo medtech\"\n\t\t\t\t\t\t\/>\n\t\t\t\t\t<\/div>\n\t\t<div class=\"elementor-element elementor-element-163197d e-con-full e-flex e-con e-child\" data-id=\"163197d\" data-element_type=\"container\" data-e-type=\"container\">\n\t\t\t\t<div class=\"elementor-element elementor-element-a6a87f6 elementor-widget elementor-widget-text-editor\" data-id=\"a6a87f6\" data-element_type=\"widget\" data-e-type=\"widget\" data-widget_type=\"text-editor.default\">\n\t\t\t\t\t\t\t\t\t<div>\n<div class=\"intro-grid\">\n<div>\n<p>La plupart des consultants SEO peuvent travailler pour n&rsquo;importe quel secteur. C&rsquo;est leur force suppos\u00e9e. C&rsquo;est leur vraie limite.<\/p>\n<p>J&rsquo;ai fait le choix inverse :&nbsp;<b><span class=\"accent\">me sp\u00e9cialiser exclusivement dans la MedTech<\/span>&nbsp;<\/b>pour construire une compr\u00e9hension que les g\u00e9n\u00e9ralistes ne peuvent pas reproduire. Vos acheteurs, vos cycles de d\u00e9cision, vos contraintes r\u00e9glementaires&nbsp; je les int\u00e8gre d\u00e8s la strat\u00e9gie, pas apr\u00e8s.<\/p>\n<p>IndexaMed, c&rsquo;est le r\u00e9sultat de ce choix : un service SEO pens\u00e9 de bout en bout pour les entreprises qui \u00e9voluent dans un secteur exigeant, technique et \u00e0 forts enjeux.<\/p>\n<\/div>\n<\/div>\n<\/div>\t\t\t\t\t\t\t\t<\/div>\n\t\t\t\t<\/div>\n\t\t\t\t\t<\/div>\n\t\t\t\t<\/div>\n\t\t<div class=\"elementor-element elementor-element-73e73be e-grid e-con-boxed e-con e-parent\" data-id=\"73e73be\" data-element_type=\"container\" data-e-type=\"container\">\n\t\t\t\t\t<div class=\"e-con-inner\">\n\t\t<div class=\"elementor-element elementor-element-28b22a2 e-con-full e-flex e-con e-child\" data-id=\"28b22a2\" data-element_type=\"container\" data-e-type=\"container\">\n\t\t\t\t<div class=\"elementor-element elementor-element-67ef609 elementor-widget elementor-widget-text-editor\" data-id=\"67ef609\" data-element_type=\"widget\" data-e-type=\"widget\" data-widget_type=\"text-editor.default\">\n\t\t\t\t\t\t\t\t\t<p>100 %\u00a0<\/p>\t\t\t\t\t\t\t\t<\/div>\n\t\t\t\t<div class=\"elementor-element elementor-element-b9b3b9e elementor-widget elementor-widget-text-editor\" data-id=\"b9b3b9e\" data-element_type=\"widget\" data-e-type=\"widget\" data-widget_type=\"text-editor.default\">\n\t\t\t\t\t\t\t\t\t<p>Focus Medtech,Biotech &amp; Healthtech<\/p>\t\t\t\t\t\t\t\t<\/div>\n\t\t\t\t<\/div>\n\t\t<div class=\"elementor-element elementor-element-e77eee7 e-con-full e-flex e-con e-child\" data-id=\"e77eee7\" data-element_type=\"container\" data-e-type=\"container\">\n\t\t\t\t<div class=\"elementor-element elementor-element-3300633 elementor-widget elementor-widget-text-editor\" data-id=\"3300633\" data-element_type=\"widget\" data-e-type=\"widget\" data-widget_type=\"text-editor.default\">\n\t\t\t\t\t\t\t\t\t<p>3+<\/p>\t\t\t\t\t\t\t\t<\/div>\n\t\t\t\t<div class=\"elementor-element elementor-element-5865a98 elementor-widget elementor-widget-text-editor\" data-id=\"5865a98\" data-element_type=\"widget\" data-e-type=\"widget\" data-widget_type=\"text-editor.default\">\n\t\t\t\t\t\t\t\t\t<p>ans en SEO &amp; strat\u00e9gie digitale B2B<\/p>\t\t\t\t\t\t\t\t<\/div>\n\t\t\t\t<\/div>\n\t\t<div class=\"elementor-element elementor-element-a5800e9 e-con-full e-flex e-con e-child\" data-id=\"a5800e9\" data-element_type=\"container\" data-e-type=\"container\">\n\t\t\t\t<div class=\"elementor-element elementor-element-9cfb099 elementor-widget elementor-widget-text-editor\" data-id=\"9cfb099\" data-element_type=\"widget\" data-e-type=\"widget\" data-widget_type=\"text-editor.default\">\n\t\t\t\t\t\t\t\t\t<p>5+<\/p>\t\t\t\t\t\t\t\t<\/div>\n\t\t\t\t<div class=\"elementor-element elementor-element-5f55bdc elementor-widget elementor-widget-text-editor\" data-id=\"5f55bdc\" data-element_type=\"widget\" data-e-type=\"widget\" data-widget_type=\"text-editor.default\">\n\t\t\t\t\t\t\t\t\t<p>outils SEO &amp; data ma\u00eetris\u00e9s<\/p>\t\t\t\t\t\t\t\t<\/div>\n\t\t\t\t<\/div>\n\t\t<div class=\"elementor-element elementor-element-af0c261 e-con-full e-flex e-con e-child\" data-id=\"af0c261\" data-element_type=\"container\" data-e-type=\"container\">\n\t\t\t\t<div class=\"elementor-element elementor-element-beb4582 elementor-widget elementor-widget-text-editor\" data-id=\"beb4582\" data-element_type=\"widget\" data-e-type=\"widget\" data-widget_type=\"text-editor.default\">\n\t\t\t\t\t\t\t\t\t<p>3<\/p>\t\t\t\t\t\t\t\t<\/div>\n\t\t\t\t<div class=\"elementor-element elementor-element-1c22c1e elementor-widget elementor-widget-text-editor\" data-id=\"1c22c1e\" data-element_type=\"widget\" data-e-type=\"widget\" data-widget_type=\"text-editor.default\">\n\t\t\t\t\t\t\t\t\t<div class=\"stat-row\"><div class=\"stat\"><p class=\"stat-l\">langues : FR \/ EN \/ AR<\/p><\/div><\/div>\t\t\t\t\t\t\t\t<\/div>\n\t\t\t\t<\/div>\n\t\t\t\t\t<\/div>\n\t\t\t\t<\/div>\n\t\t<div class=\"elementor-element elementor-element-c7e3194 e-flex e-con-boxed e-con e-parent\" data-id=\"c7e3194\" data-element_type=\"container\" data-e-type=\"container\">\n\t\t\t\t\t<div class=\"e-con-inner\">\n\t\t\t\t<div class=\"elementor-element elementor-element-2f54f53 elementor-widget elementor-widget-text-editor\" data-id=\"2f54f53\" data-element_type=\"widget\" data-e-type=\"widget\" data-widget_type=\"text-editor.default\">\n\t\t\t\t\t\t\t\t\t<div><p>Certifi\u00e9e Bootcamp SEO &amp; Intelligence Artificielle,\u00a0 positionnement dans les nouvelles SERP g\u00e9n\u00e9ratives, AI Overviews et GEO (2025)<\/p><\/div>\t\t\t\t\t\t\t\t<\/div>\n\t\t\t\t\t<\/div>\n\t\t\t\t<\/div>\n\t\t<div class=\"elementor-element elementor-element-576704d e-flex e-con-boxed e-con e-parent\" data-id=\"576704d\" data-element_type=\"container\" data-e-type=\"container\">\n\t\t\t\t\t<div class=\"e-con-inner\">\n\t\t\t\t<div class=\"elementor-element elementor-element-f9695eb elementor-widget-divider--view-line elementor-widget elementor-widget-divider\" data-id=\"f9695eb\" data-element_type=\"widget\" data-e-type=\"widget\" data-widget_type=\"divider.default\">\n\t\t\t\t\t\t\t<div class=\"elementor-divider\">\n\t\t\t<span class=\"elementor-divider-separator\">\n\t\t\t\t\t\t<\/span>\n\t\t<\/div>\n\t\t\t\t\t\t<\/div>\n\t\t\t\t\t<\/div>\n\t\t\t\t<\/div>\n\t\t<div class=\"elementor-element elementor-element-3dd6c81 e-flex e-con-boxed e-con e-parent\" data-id=\"3dd6c81\" data-element_type=\"container\" data-e-type=\"container\">\n\t\t\t\t\t<div class=\"e-con-inner\">\n\t\t\t\t<div class=\"elementor-element elementor-element-66ec9eb elementor-widget elementor-widget-heading\" data-id=\"66ec9eb\" data-element_type=\"widget\" data-e-type=\"widget\" data-widget_type=\"heading.default\">\n\t\t\t\t\t<h2 class=\"elementor-heading-title elementor-size-default\">Trois choses que personne d'autre ne combine<\/h2>\t\t\t\t<\/div>\n\t\t\t\t\t<\/div>\n\t\t\t\t<\/div>\n\t\t<div class=\"elementor-element elementor-element-0d2e23a e-grid e-con-full e-con e-parent\" data-id=\"0d2e23a\" data-element_type=\"container\" data-e-type=\"container\">\n\t\t<div class=\"elementor-element elementor-element-ea7e444 e-con-full e-flex e-con e-child\" data-id=\"ea7e444\" data-element_type=\"container\" data-e-type=\"container\" data-settings=\"{&quot;background_background&quot;:&quot;classic&quot;}\">\n\t\t\t\t<div class=\"elementor-element elementor-element-e8bf972 elementor-widget elementor-widget-text-editor\" data-id=\"e8bf972\" data-element_type=\"widget\" data-e-type=\"widget\" data-widget_type=\"text-editor.default\">\n\t\t\t\t\t\t\t\t\t<p class=\"valeur-top\">Sp\u00e9cialisation sectorielle<\/p>\t\t\t\t\t\t\t\t<\/div>\n\t\t\t\t<div class=\"elementor-element elementor-element-4d14c4e elementor-widget elementor-widget-text-editor\" data-id=\"4d14c4e\" data-element_type=\"widget\" data-e-type=\"widget\" data-widget_type=\"text-editor.default\">\n\t\t\t\t\t\t\t\t\t<p>Je parle MedTech<\/p>\t\t\t\t\t\t\t\t<\/div>\n\t\t\t\t<div class=\"elementor-element elementor-element-31ac7bc elementor-widget elementor-widget-text-editor\" data-id=\"31ac7bc\" data-element_type=\"widget\" data-e-type=\"widget\" data-widget_type=\"text-editor.default\">\n\t\t\t\t\t\t\t\t\t<p>Pas un vernis de vocabulaire m\u00e9dical , une vraie compr\u00e9hension de vos march\u00e9s, de vos acheteurs et de vos enjeux de visibilit\u00e9.<\/p>\t\t\t\t\t\t\t\t<\/div>\n\t\t\t\t<\/div>\n\t\t<div class=\"elementor-element elementor-element-1b86c63 e-con-full e-flex e-con e-child\" data-id=\"1b86c63\" data-element_type=\"container\" data-e-type=\"container\" data-settings=\"{&quot;background_background&quot;:&quot;classic&quot;}\">\n\t\t\t\t<div class=\"elementor-element elementor-element-2baf448 elementor-widget elementor-widget-text-editor\" data-id=\"2baf448\" data-element_type=\"widget\" data-e-type=\"widget\" data-widget_type=\"text-editor.default\">\n\t\t\t\t\t\t\t\t\t<p class=\"valeur-top\">Approche data<\/p><h3>Je mesure tout<\/h3>\t\t\t\t\t\t\t\t<\/div>\n\t\t\t\t<div class=\"elementor-element elementor-element-d1730d8 elementor-widget elementor-widget-text-editor\" data-id=\"d1730d8\" data-element_type=\"widget\" data-e-type=\"widget\" data-widget_type=\"text-editor.default\">\n\t\t\t\t\t\t\t\t\t<p>Chaque recommandation est ancr\u00e9e dans GA4, GSC et Semrush. Pas d&rsquo;intuition, pas de best practices g\u00e9n\u00e9riques : des donn\u00e9es.<\/p>\t\t\t\t\t\t\t\t<\/div>\n\t\t\t\t<\/div>\n\t\t<div class=\"elementor-element elementor-element-3d3ef99 e-con-full e-flex e-con e-child\" data-id=\"3d3ef99\" data-element_type=\"container\" data-e-type=\"container\" data-settings=\"{&quot;background_background&quot;:&quot;classic&quot;}\">\n\t\t\t\t<div class=\"elementor-element elementor-element-ba997e5 elementor-widget elementor-widget-text-editor\" data-id=\"ba997e5\" data-element_type=\"widget\" data-e-type=\"widget\" data-widget_type=\"text-editor.default\">\n\t\t\t\t\t\t\t\t\t<p class=\"valeur-top\">SEO nouvelle g\u00e9n\u00e9ration<\/p><h3>Je pr\u00e9pare l&rsquo;apr\u00e8s-Google<\/h3>\t\t\t\t\t\t\t\t<\/div>\n\t\t\t\t<div class=\"elementor-element elementor-element-e0dc024 elementor-widget elementor-widget-text-editor\" data-id=\"e0dc024\" data-element_type=\"widget\" data-e-type=\"widget\" data-widget_type=\"text-editor.default\">\n\t\t\t\t\t\t\t\t\t<p>AI Overviews, recherche g\u00e9n\u00e9rative, GEO&nbsp; vos contenus positionn\u00e9s pour \u00eatre cit\u00e9s par les moteurs IA, pas seulement index\u00e9s.<\/p>\t\t\t\t\t\t\t\t<\/div>\n\t\t\t\t<\/div>\n\t\t\t\t<\/div>\n\t\t<div class=\"elementor-element elementor-element-6f4e0d0 e-flex e-con-boxed e-con e-parent\" data-id=\"6f4e0d0\" data-element_type=\"container\" data-e-type=\"container\">\n\t\t\t\t\t<div class=\"e-con-inner\">\n\t\t\t\t<div class=\"elementor-element elementor-element-5010caf elementor-widget-divider--view-line elementor-widget elementor-widget-divider\" data-id=\"5010caf\" data-element_type=\"widget\" data-e-type=\"widget\" data-widget_type=\"divider.default\">\n\t\t\t\t\t\t\t<div class=\"elementor-divider\">\n\t\t\t<span class=\"elementor-divider-separator\">\n\t\t\t\t\t\t<\/span>\n\t\t<\/div>\n\t\t\t\t\t\t<\/div>\n\t\t\t\t\t<\/div>\n\t\t\t\t<\/div>\n\t\t<div class=\"elementor-element elementor-element-55a2b9c e-flex e-con-boxed e-con e-parent\" data-id=\"55a2b9c\" data-element_type=\"container\" data-e-type=\"container\">\n\t\t\t\t\t<div class=\"e-con-inner\">\n\t\t\t\t<div class=\"elementor-element elementor-element-e780e4a elementor-widget elementor-widget-heading\" data-id=\"e780e4a\" data-element_type=\"widget\" data-e-type=\"widget\" data-widget_type=\"heading.default\">\n\t\t\t\t\t<h2 class=\"elementor-heading-title elementor-size-default\">Je suis le secteur, pas juste les algorithmes<\/h2>\t\t\t\t<\/div>\n\t\t\t\t\t<\/div>\n\t\t\t\t<\/div>\n\t\t<div class=\"elementor-element elementor-element-1b848bc e-flex e-con-boxed e-con e-parent\" data-id=\"1b848bc\" data-element_type=\"container\" data-e-type=\"container\">\n\t\t\t\t\t<div class=\"e-con-inner\">\n\t\t\t\t<div class=\"elementor-element elementor-element-e32997e elementor-widget elementor-widget-text-editor\" data-id=\"e32997e\" data-element_type=\"widget\" data-e-type=\"widget\" data-widget_type=\"text-editor.default\">\n\t\t\t\t\t\t\t\t\t<p>La page \u00c0 propos vous dit qui je suis. La page Expertise MedTech vous montre ce que je sais : r\u00e9glementation, acteurs, enjeux sp\u00e9cifiques au SEO dans ce secteur.\u00a0<\/p>\t\t\t\t\t\t\t\t<\/div>\n\t\t\t\t\t<\/div>\n\t\t\t\t<\/div>\n\t\t<div class=\"elementor-element elementor-element-d7ba7b9 e-flex e-con-boxed e-con e-parent\" data-id=\"d7ba7b9\" data-element_type=\"container\" data-e-type=\"container\">\n\t\t\t\t\t<div class=\"e-con-inner\">\n\t\t\t\t<div class=\"elementor-element elementor-element-a829c78 elementor-align-center elementor-widget elementor-widget-button\" data-id=\"a829c78\" data-element_type=\"widget\" data-e-type=\"widget\" data-widget_type=\"button.default\">\n\t\t\t\t\t\t\t\t\t\t<a class=\"elementor-button elementor-button-link elementor-size-sm elementor-animation-grow\" href=\"http:\/\/bootcampforma.online\/bochra\/accueil\/expertise-medtech\/\">\n\t\t\t\t\t\t<span class=\"elementor-button-content-wrapper\">\n\t\t\t\t\t\t\t\t\t<span class=\"elementor-button-text\">Voir l'expertise sectorielle<\/span>\n\t\t\t\t\t<\/span>\n\t\t\t\t\t<\/a>\n\t\t\t\t\t\t\t\t<\/div>\n\t\t\t\t\t<\/div>\n\t\t\t\t<\/div>\n\t\t<div class=\"elementor-element elementor-element-8173f67 e-flex e-con-boxed e-con e-parent\" data-id=\"8173f67\" data-element_type=\"container\" data-e-type=\"container\">\n\t\t\t\t\t<div class=\"e-con-inner\">\n\t\t\t\t<div class=\"elementor-element elementor-element-e506ccf elementor-widget elementor-widget-heading\" data-id=\"e506ccf\" data-element_type=\"widget\" data-e-type=\"widget\" data-widget_type=\"heading.default\">\n\t\t\t\t\t<h2 class=\"elementor-heading-title elementor-size-default\">Pr\u00eat \u00e0 travailler avec quelqu'un qui conna\u00eet vraiment votre secteur ?<\/h2>\t\t\t\t<\/div>\n\t\t\t\t\t<\/div>\n\t\t\t\t<\/div>\n\t\t<div class=\"elementor-element elementor-element-64f522c e-flex e-con-boxed e-con e-parent\" data-id=\"64f522c\" data-element_type=\"container\" data-e-type=\"container\">\n\t\t\t\t\t<div class=\"e-con-inner\">\n\t\t\t\t<div class=\"elementor-element elementor-element-af67aa0 elementor-widget elementor-widget-text-editor\" data-id=\"af67aa0\" data-element_type=\"widget\" data-e-type=\"widget\" data-widget_type=\"text-editor.default\">\n\t\t\t\t\t\t\t\t\t<p>Un audit SEO initial pour identifier vos opportunit\u00e9s de visibilit\u00e9. Sans engagement.<\/p>\t\t\t\t\t\t\t\t<\/div>\n\t\t\t\t\t<\/div>\n\t\t\t\t<\/div>\n\t\t<div class=\"elementor-element elementor-element-1eb459e e-flex e-con-boxed e-con e-parent\" data-id=\"1eb459e\" data-element_type=\"container\" data-e-type=\"container\">\n\t\t\t\t\t<div class=\"e-con-inner\">\n\t\t<div class=\"elementor-element elementor-element-14b9273 e-con-full e-flex e-con e-child\" data-id=\"14b9273\" data-element_type=\"container\" data-e-type=\"container\">\n\t\t\t\t<div class=\"elementor-element elementor-element-9a49626 elementor-align-center elementor-widget elementor-widget-button\" data-id=\"9a49626\" data-element_type=\"widget\" data-e-type=\"widget\" data-widget_type=\"button.default\">\n\t\t\t\t\t\t\t\t\t\t<a class=\"elementor-button elementor-button-link elementor-size-sm elementor-animation-grow\" href=\"http:\/\/bootcampforma.online\/bochra\/formulaire-de-contact\/#\">\n\t\t\t\t\t\t<span class=\"elementor-button-content-wrapper\">\n\t\t\t\t\t\t\t\t\t<span class=\"elementor-button-text\">Demander un audit gratuit<\/span>\n\t\t\t\t\t<\/span>\n\t\t\t\t\t<\/a>\n\t\t\t\t\t\t\t\t<\/div>\n\t\t\t\t<\/div>\n\t\t<div class=\"elementor-element elementor-element-b59e379 e-con-full e-flex e-con e-child\" data-id=\"b59e379\" data-element_type=\"container\" data-e-type=\"container\">\n\t\t\t\t<div class=\"elementor-element elementor-element-c970c57 elementor-align-center elementor-widget elementor-widget-button\" data-id=\"c970c57\" data-element_type=\"widget\" data-e-type=\"widget\" data-widget_type=\"button.default\">\n\t\t\t\t\t\t\t\t\t\t<a class=\"elementor-button elementor-button-link elementor-size-sm elementor-animation-grow\" href=\"https:\/\/bootcampforma.online\/bochra\/accueil\/services\/\">\n\t\t\t\t\t\t<span class=\"elementor-button-content-wrapper\">\n\t\t\t\t\t\t\t\t\t<span class=\"elementor-button-text\">Voir les services<\/span>\n\t\t\t\t\t<\/span>\n\t\t\t\t\t<\/a>\n\t\t\t\t\t\t\t\t<\/div>\n\t\t\t\t<\/div>\n\t\t\t\t\t<\/div>\n\t\t\t\t<\/div>\n\t\t\t\t<\/div>\n\t\t","protected":false},"excerpt":{"rendered":"<p>J&rsquo;ai choisi la MedTech, pas par hasard, par conviction. La plupart des consultants SEO peuvent travailler pour n&rsquo;importe quel secteur. C&rsquo;est leur force suppos\u00e9e. C&rsquo;est leur vraie limite. J&rsquo;ai fait le choix inverse :&nbsp;me sp\u00e9cialiser exclusivement dans la MedTech&nbsp;pour construire une compr\u00e9hension que les g\u00e9n\u00e9ralistes ne peuvent pas reproduire. Vos acheteurs, vos cycles de d\u00e9cision, [&hellip;]<\/p>\n","protected":false},"author":1,"featured_media":0,"parent":7,"menu_order":0,"comment_status":"closed","ping_status":"closed","template":"","meta":{"footnotes":""},"class_list":["post-115","page","type-page","status-publish","hentry"],"_links":{"self":[{"href":"https:\/\/bootcampforma.online\/bochra\/wp-json\/wp\/v2\/pages\/115","targetHints":{"allow":["GET"]}}],"collection":[{"href":"https:\/\/bootcampforma.online\/bochra\/wp-json\/wp\/v2\/pages"}],"about":[{"href":"https:\/\/bootcampforma.online\/bochra\/wp-json\/wp\/v2\/types\/page"}],"author":[{"embeddable":true,"href":"https:\/\/bootcampforma.online\/bochra\/wp-json\/wp\/v2\/users\/1"}],"replies":[{"embeddable":true,"href":"https:\/\/bootcampforma.online\/bochra\/wp-json\/wp\/v2\/comments?post=115"}],"version-history":[{"count":14,"href":"https:\/\/bootcampforma.online\/bochra\/wp-json\/wp\/v2\/pages\/115\/revisions"}],"predecessor-version":[{"id":596,"href":"https:\/\/bootcampforma.online\/bochra\/wp-json\/wp\/v2\/pages\/115\/revisions\/596"}],"up":[{"embeddable":true,"href":"https:\/\/bootcampforma.online\/bochra\/wp-json\/wp\/v2\/pages\/7"}],"wp:attachment":[{"href":"https:\/\/bootcampforma.online\/bochra\/wp-json\/wp\/v2\/media?parent=115"}],"curies":[{"name":"wp","href":"https:\/\/api.w.org\/{rel}","templated":true}]}}