{"id":464,"date":"2026-04-09T20:49:39","date_gmt":"2026-04-09T20:49:39","guid":{"rendered":"https:\/\/bootcampforma.online\/bochra\/?page_id=464"},"modified":"2026-04-09T23:47:08","modified_gmt":"2026-04-09T23:47:08","slug":"audit-seo-medtech","status":"publish","type":"page","link":"https:\/\/bootcampforma.online\/bochra\/accueil\/services\/audit-seo-medtech\/","title":{"rendered":"SEO Technique"},"content":{"rendered":"\t\t<div data-elementor-type=\"wp-page\" data-elementor-id=\"464\" class=\"elementor elementor-464\">\n\t\t\t\t<div class=\"elementor-element elementor-element-2c3e071 e-flex e-con-boxed e-con e-parent\" data-id=\"2c3e071\" data-element_type=\"container\" data-e-type=\"container\">\n\t\t\t\t\t<div class=\"e-con-inner\">\n\t\t\t\t<div class=\"elementor-element elementor-element-6dc7184 elementor-widget elementor-widget-shortcode\" data-id=\"6dc7184\" data-element_type=\"widget\" data-e-type=\"widget\" data-widget_type=\"shortcode.default\">\n\t\t\t\t\t\t\t<div class=\"elementor-shortcode\"><nav aria-label=\"breadcrumbs\" class=\"rank-math-breadcrumb\"><p><\/p><\/nav><\/div>\n\t\t\t\t\t\t<\/div>\n\t\t\t\t\t<\/div>\n\t\t\t\t<\/div>\n\t\t<div class=\"elementor-element elementor-element-2a991c5 e-flex e-con-boxed e-con e-parent\" data-id=\"2a991c5\" data-element_type=\"container\" data-e-type=\"container\" data-settings=\"{&quot;background_background&quot;:&quot;classic&quot;}\">\n\t\t\t\t\t<div class=\"e-con-inner\">\n\t\t\t\t<div class=\"elementor-element elementor-element-18beb1f elementor-widget elementor-widget-heading\" data-id=\"18beb1f\" data-element_type=\"widget\" data-e-type=\"widget\" data-widget_type=\"heading.default\">\n\t\t\t\t\t<h1 class=\"elementor-heading-title elementor-size-default\">SEO Technique MedTech \u200b<\/h1>\t\t\t\t<\/div>\n\t\t\t\t<div class=\"elementor-element elementor-element-7c29e34 elementor-widget__width-initial elementor-widget elementor-widget-text-editor\" data-id=\"7c29e34\" data-element_type=\"widget\" data-e-type=\"widget\" data-widget_type=\"text-editor.default\">\n\t\t\t\t\t\t\t\t\t<p><span style=\"font-weight: 600;\">\u00a0Construire des fondations solides pour que Google vous trouve, vous comprenne et vous classe.<\/span><\/p>\t\t\t\t\t\t\t\t<\/div>\n\t\t\t\t\t<\/div>\n\t\t\t\t<\/div>\n\t\t<div class=\"elementor-element elementor-element-a2a6891 e-flex e-con-boxed e-con e-parent\" data-id=\"a2a6891\" data-element_type=\"container\" data-e-type=\"container\">\n\t\t\t\t\t<div class=\"e-con-inner\">\n\t\t\t\t<div class=\"elementor-element elementor-element-f797942 elementor-widget elementor-widget-heading\" data-id=\"f797942\" data-element_type=\"widget\" data-e-type=\"widget\" data-widget_type=\"heading.default\">\n\t\t\t\t\t<h2 class=\"elementor-heading-title elementor-size-default\">Pourquoi le SEO technique d'un site MedTech est diff\u00e9rent<\/h2>\t\t\t\t<\/div>\n\t\t\t\t\t<\/div>\n\t\t\t\t<\/div>\n\t\t<div class=\"elementor-element elementor-element-544b20d e-flex e-con-boxed e-con e-parent\" data-id=\"544b20d\" data-element_type=\"container\" data-e-type=\"container\">\n\t\t\t\t\t<div class=\"e-con-inner\">\n\t\t<div class=\"elementor-element elementor-element-54f6c3b e-con-full e-flex e-con e-child\" data-id=\"54f6c3b\" data-element_type=\"container\" data-e-type=\"container\">\n\t\t\t\t<div class=\"elementor-element elementor-element-93dc7c8 elementor-widget elementor-widget-text-editor\" data-id=\"93dc7c8\" data-element_type=\"widget\" data-e-type=\"widget\" data-widget_type=\"text-editor.default\">\n\t\t\t\t\t\t\t\t\t<ul><li class=\"whitespace-normal break-words pl-2\"><strong>R\u00e9glementation<\/strong> : vos pages contiennent des mentions l\u00e9gales, des r\u00e9f\u00e9rences MDR\/CE, des avertissements cliniques. Mal structur\u00e9s, ils cr\u00e9ent des signaux contradictoires pour Google.<\/li><\/ul><p>\u00a0<\/p><ul><li class=\"whitespace-normal break-words pl-2\"><strong>Cycles d&rsquo;achat longs<\/strong> : votre site doit performer sur des parcours multi-visites \u00e9tal\u00e9s sur plusieurs mois. La technique conditionne le retour de vos prospects.<\/li><\/ul><p>\u00a0<\/p><ul><li class=\"whitespace-normal break-words pl-2\"><strong>Contenu sp\u00e9cialis\u00e9<\/strong> : le balisage s\u00e9mantique doit refl\u00e9ter la complexit\u00e9 de vos solutions pour que Google les associe aux bonnes requ\u00eates B2B.<\/li><\/ul><p>\u00a0<\/p><ul><li class=\"whitespace-normal break-words pl-2\"><strong>Cr\u00e9dibilit\u00e9 per\u00e7ue<\/strong> : un site lent ou instable dans un secteur m\u00e9dical envoie un signal de manque de s\u00e9rieux. La technique est aussi un enjeu de branding.<\/li><\/ul>\t\t\t\t\t\t\t\t<\/div>\n\t\t\t\t<\/div>\n\t\t<div class=\"elementor-element elementor-element-f648c16 e-con-full e-flex e-con e-child\" data-id=\"f648c16\" data-element_type=\"container\" data-e-type=\"container\">\n\t\t\t\t<div class=\"elementor-element elementor-element-a106abe elementor-widget elementor-widget-image\" data-id=\"a106abe\" data-element_type=\"widget\" data-e-type=\"widget\" data-widget_type=\"image.default\">\n\t\t\t\t\t\t\t\t\t\t\t\t\t\t\t<img fetchpriority=\"high\" decoding=\"async\" width=\"800\" height=\"450\" src=\"https:\/\/bootcampforma.online\/bochra\/wp-content\/uploads\/2026\/04\/photo-Indexamed-4-1024x576.png\" class=\"attachment-large size-large wp-image-232\" alt=\"\" srcset=\"https:\/\/bootcampforma.online\/bochra\/wp-content\/uploads\/2026\/04\/photo-Indexamed-4-1024x576.png 1024w, https:\/\/bootcampforma.online\/bochra\/wp-content\/uploads\/2026\/04\/photo-Indexamed-4-300x169.png 300w, https:\/\/bootcampforma.online\/bochra\/wp-content\/uploads\/2026\/04\/photo-Indexamed-4-768x432.png 768w, https:\/\/bootcampforma.online\/bochra\/wp-content\/uploads\/2026\/04\/photo-Indexamed-4-1536x864.png 1536w, https:\/\/bootcampforma.online\/bochra\/wp-content\/uploads\/2026\/04\/photo-Indexamed-4-2048x1152.png 2048w\" sizes=\"(max-width: 800px) 100vw, 800px\" \/>\t\t\t\t\t\t\t\t\t\t\t\t\t\t\t<\/div>\n\t\t\t\t<\/div>\n\t\t\t\t\t<\/div>\n\t\t\t\t<\/div>\n\t\t<div class=\"elementor-element elementor-element-25da7a5 e-flex e-con-boxed e-con e-parent\" data-id=\"25da7a5\" data-element_type=\"container\" data-e-type=\"container\">\n\t\t\t\t\t<div class=\"e-con-inner\">\n\t\t\t\t<div class=\"elementor-element elementor-element-92e9b67 elementor-widget elementor-widget-heading\" data-id=\"92e9b67\" data-element_type=\"widget\" data-e-type=\"widget\" data-widget_type=\"heading.default\">\n\t\t\t\t\t<h2 class=\"elementor-heading-title elementor-size-default\">Ce que comprend la mission SEO Tehnique<\/h2>\t\t\t\t<\/div>\n\t\t\t\t\t<\/div>\n\t\t\t\t<\/div>\n\t\t<div class=\"elementor-element elementor-element-c654558 e-grid e-con-boxed e-con e-parent\" data-id=\"c654558\" data-element_type=\"container\" data-e-type=\"container\">\n\t\t\t\t\t<div class=\"e-con-inner\">\n\t\t<div class=\"elementor-element elementor-element-bafe862 e-con-full e-flex e-con e-child\" data-id=\"bafe862\" data-element_type=\"container\" data-e-type=\"container\" data-settings=\"{&quot;background_background&quot;:&quot;classic&quot;}\">\n\t\t\t\t<div class=\"elementor-element elementor-element-3f25dda elementor-widget elementor-widget-text-editor\" data-id=\"3f25dda\" data-element_type=\"widget\" data-e-type=\"widget\" data-widget_type=\"text-editor.default\">\n\t\t\t\t\t\t\t\t\t<p><strong>Audit d&rsquo;indexabilit\u00e9<\/strong><\/p><p>Analyse compl\u00e8te de ce que Google peut ou ne peut pas explorer : fichier robots.txt, sitemap XML, balises noindex, pages orphelines. Vous savez exactement ce qui est invisible et pourquoi.<\/p>\t\t\t\t\t\t\t\t<\/div>\n\t\t\t\t<\/div>\n\t\t<div class=\"elementor-element elementor-element-6a046cf e-con-full e-flex e-con e-child\" data-id=\"6a046cf\" data-element_type=\"container\" data-e-type=\"container\" data-settings=\"{&quot;background_background&quot;:&quot;classic&quot;}\">\n\t\t\t\t<div class=\"elementor-element elementor-element-b0b09aa elementor-widget elementor-widget-text-editor\" data-id=\"b0b09aa\" data-element_type=\"widget\" data-e-type=\"widget\" data-widget_type=\"text-editor.default\">\n\t\t\t\t\t\t\t\t\t<p><strong>Performance &amp; Core Web Vitals<\/strong><\/p><p>Temps de chargement, stabilit\u00e9 visuelle, r\u00e9activit\u00e9 : ces indicateurs sont int\u00e9gr\u00e9s directement dans l&rsquo;algorithme de classement de Google. Un site lent perd des positions \u2014 et des prospects.<\/p>\t\t\t\t\t\t\t\t<\/div>\n\t\t\t\t<\/div>\n\t\t<div class=\"elementor-element elementor-element-35b0196 e-con-full e-flex e-con e-child\" data-id=\"35b0196\" data-element_type=\"container\" data-e-type=\"container\" data-settings=\"{&quot;background_background&quot;:&quot;classic&quot;}\">\n\t\t\t\t<div class=\"elementor-element elementor-element-3615e6d elementor-widget elementor-widget-text-editor\" data-id=\"3615e6d\" data-element_type=\"widget\" data-e-type=\"widget\" data-widget_type=\"text-editor.default\">\n\t\t\t\t\t\t\t\t\t<p><strong>Architecture des URLs<\/strong><\/p><p>Structure logique des pages, hi\u00e9rarchie claire, URLs propres et coh\u00e9rentes avec votre positionnement MedTech. Une architecture bien pens\u00e9e facilite le crawl et am\u00e9liore le parcours de vos visiteurs B2B.<\/p>\t\t\t\t\t\t\t\t<\/div>\n\t\t\t\t<\/div>\n\t\t<div class=\"elementor-element elementor-element-3799b96 e-con-full e-flex e-con e-child\" data-id=\"3799b96\" data-element_type=\"container\" data-e-type=\"container\" data-settings=\"{&quot;background_background&quot;:&quot;classic&quot;}\">\n\t\t\t\t<div class=\"elementor-element elementor-element-6cffc54 elementor-widget elementor-widget-text-editor\" data-id=\"6cffc54\" data-element_type=\"widget\" data-e-type=\"widget\" data-widget_type=\"text-editor.default\">\n\t\t\t\t\t\t\t\t\t<p class=\"font-claude-response-body break-words whitespace-normal leading-[1.7]\"><strong>Schema Markup MedTech<\/strong><\/p><p class=\"font-claude-response-body break-words whitespace-normal leading-[1.7]\">Balisage s\u00e9mantique adapt\u00e9 \u00e0 votre secteur : Organization, MedicalOrganization, Product, FAQ. Google comprend pr\u00e9cis\u00e9ment ce que vous faites\u00a0 et l&rsquo;affiche en cons\u00e9quence.<\/p>\t\t\t\t\t\t\t\t<\/div>\n\t\t\t\t<\/div>\n\t\t<div class=\"elementor-element elementor-element-0b9c2d2 e-con-full e-flex e-con e-child\" data-id=\"0b9c2d2\" data-element_type=\"container\" data-e-type=\"container\" data-settings=\"{&quot;background_background&quot;:&quot;classic&quot;}\">\n\t\t\t\t<div class=\"elementor-element elementor-element-6ab88f0 elementor-widget elementor-widget-text-editor\" data-id=\"6ab88f0\" data-element_type=\"widget\" data-e-type=\"widget\" data-widget_type=\"text-editor.default\">\n\t\t\t\t\t\t\t\t\t<p><strong>S\u00e9curit\u00e9 &amp; HTTPS<\/strong><\/p><p>Dans un secteur o\u00f9 la cr\u00e9dibilit\u00e9 est non n\u00e9gociable, la s\u00e9curit\u00e9 technique est aussi un signal SEO. Audit des certificats, redirections et protocoles de confiance.<\/p>\t\t\t\t\t\t\t\t<\/div>\n\t\t\t\t<\/div>\n\t\t<div class=\"elementor-element elementor-element-e24910e e-con-full e-flex e-con e-child\" data-id=\"e24910e\" data-element_type=\"container\" data-e-type=\"container\" data-settings=\"{&quot;background_background&quot;:&quot;classic&quot;}\">\n\t\t\t\t<div class=\"elementor-element elementor-element-0f508cb elementor-widget elementor-widget-text-editor\" data-id=\"0f508cb\" data-element_type=\"widget\" data-e-type=\"widget\" data-widget_type=\"text-editor.default\">\n\t\t\t\t\t\t\t\t\t<p><strong>Compatibilit\u00e9 mobile<\/strong><\/p><p>Plus de 60% des recherches B2B en sant\u00e9 commencent sur mobile. Vos pages doivent \u00eatre rapides, lisibles et navigables sur tous les appareils, y compris sur des contenus techniques longs.<\/p>\t\t\t\t\t\t\t\t<\/div>\n\t\t\t\t<\/div>\n\t\t\t\t\t<\/div>\n\t\t\t\t<\/div>\n\t\t<div class=\"elementor-element elementor-element-d415d63 e-flex e-con-boxed e-con e-parent\" data-id=\"d415d63\" data-element_type=\"container\" data-e-type=\"container\">\n\t\t\t\t\t<div class=\"e-con-inner\">\n\t\t\t\t<div class=\"elementor-element elementor-element-d48689e elementor-widget elementor-widget-heading\" data-id=\"d48689e\" data-element_type=\"widget\" data-e-type=\"widget\" data-widget_type=\"heading.default\">\n\t\t\t\t\t<h2 class=\"elementor-heading-title elementor-size-default\">Comment se d\u00e9roule la mission<\/h2>\t\t\t\t<\/div>\n\t\t\t\t\t<\/div>\n\t\t\t\t<\/div>\n\t\t<div class=\"elementor-element elementor-element-983a07c e-flex e-con-boxed e-con e-parent\" data-id=\"983a07c\" data-element_type=\"container\" data-e-type=\"container\">\n\t\t\t\t\t<div class=\"e-con-inner\">\n\t\t<div class=\"elementor-element elementor-element-b838fac e-con-full e-flex e-con e-child\" data-id=\"b838fac\" data-element_type=\"container\" data-e-type=\"container\" data-settings=\"{&quot;background_background&quot;:&quot;classic&quot;}\">\n\t\t\t\t<div class=\"elementor-element elementor-element-42be207 elementor-widget elementor-widget-text-editor\" data-id=\"42be207\" data-element_type=\"widget\" data-e-type=\"widget\" data-widget_type=\"text-editor.default\">\n\t\t\t\t\t\t\t\t\t<p class=\"font-claude-response-body break-words whitespace-normal leading-[1.7]\"><strong>1\u00a0 Audit complet (Semaines 1 \u00e0 2<\/strong>\u00a0) : Analyse exhaustive avec Screaming Frog, Google Search Console et PageSpeed Insights. Chaque anomalie est identifi\u00e9e, document\u00e9e et class\u00e9e par niveau de criticit\u00e9.<\/p><p>\u00a0<\/p><p class=\"font-claude-response-body break-words whitespace-normal leading-[1.7]\"><strong>2 Rapport de recommandations ( Semaine 2<\/strong>\u00a0): Livrable structur\u00e9 et lisible : chaque probl\u00e8me est accompagn\u00e9 de son impact estim\u00e9 et d&rsquo;une action corrective pr\u00e9cise. Pas un rapport de 80 pages un plan d&rsquo;action concret et prioris\u00e9.<\/p><p>\u00a0<\/p><p class=\"font-claude-response-body break-words whitespace-normal leading-[1.7]\"><strong>3 Impl\u00e9mentation (Semaines 3 \u00e0 6) :\u00a0<\/strong> Correction directe sur votre site ou accompagnement de votre \u00e9quipe technique avec des sp\u00e9cifications claires et testables, selon votre configuration.<\/p><p>\u00a0<\/p><p class=\"font-claude-response-body break-words whitespace-normal leading-[1.7]\"><strong>4 Validation &amp; suivi ( Semaines 6 \u00e0 8) :\u00a0<\/strong> Re-crawl complet, v\u00e9rification en production, suivi dans Google Search Console. Vous avez une vision claire de ce qui a \u00e9t\u00e9 corrig\u00e9 et des r\u00e9sultats en cours.<\/p>\t\t\t\t\t\t\t\t<\/div>\n\t\t\t\t<\/div>\n\t\t\t\t\t<\/div>\n\t\t\t\t<\/div>\n\t\t<div class=\"elementor-element elementor-element-06d7810 e-flex e-con-boxed e-con e-parent\" data-id=\"06d7810\" data-element_type=\"container\" data-e-type=\"container\">\n\t\t\t\t\t<div class=\"e-con-inner\">\n\t\t\t\t<div class=\"elementor-element elementor-element-c7d07c7 elementor-widget elementor-widget-heading\" data-id=\"c7d07c7\" data-element_type=\"widget\" data-e-type=\"widget\" data-widget_type=\"heading.default\">\n\t\t\t\t\t<h2 class=\"elementor-heading-title elementor-size-default\">Ce que vous recevez<\/h2>\t\t\t\t<\/div>\n\t\t\t\t\t<\/div>\n\t\t\t\t<\/div>\n\t\t<div class=\"elementor-element elementor-element-2b79239 e-flex e-con-boxed e-con e-parent\" data-id=\"2b79239\" data-element_type=\"container\" data-e-type=\"container\">\n\t\t\t\t\t<div class=\"e-con-inner\">\n\t\t\t\t<div class=\"elementor-element elementor-element-ec53132 elementor-widget elementor-widget-text-editor\" data-id=\"ec53132\" data-element_type=\"widget\" data-e-type=\"widget\" data-widget_type=\"text-editor.default\">\n\t\t\t\t\t\t\t\t\t<ul><li class=\"whitespace-normal break-words pl-2\">Rapport d&rsquo;audit SEO technique complet (PDF structur\u00e9)<\/li><li class=\"whitespace-normal break-words pl-2\">Plan de correction prioris\u00e9 par niveau de criticit\u00e9<\/li><li class=\"whitespace-normal break-words pl-2\">Sp\u00e9cifications techniques pour votre \u00e9quipe dev si n\u00e9cessaire<\/li><li class=\"whitespace-normal break-words pl-2\">Rapport de validation post-impl\u00e9mentation<\/li><li class=\"whitespace-normal break-words pl-2\">Tableau de bord de suivi sur Looker Studio<\/li><\/ul>\t\t\t\t\t\t\t\t<\/div>\n\t\t\t\t\t<\/div>\n\t\t\t\t<\/div>\n\t\t<div class=\"elementor-element elementor-element-4406ddd e-flex e-con-boxed e-con e-parent\" data-id=\"4406ddd\" data-element_type=\"container\" data-e-type=\"container\">\n\t\t\t\t\t<div class=\"e-con-inner\">\n\t\t\t\t<div class=\"elementor-element elementor-element-9f8a357 elementor-widget elementor-widget-heading\" data-id=\"9f8a357\" data-element_type=\"widget\" data-e-type=\"widget\" data-widget_type=\"heading.default\">\n\t\t\t\t\t<h2 class=\"elementor-heading-title elementor-size-default\">Questions fr\u00e9quentes<\/h2>\t\t\t\t<\/div>\n\t\t\t\t\t<\/div>\n\t\t\t\t<\/div>\n\t\t<div class=\"elementor-element elementor-element-cc56da9 e-flex e-con-boxed e-con e-parent\" data-id=\"cc56da9\" data-element_type=\"container\" data-e-type=\"container\">\n\t\t\t\t\t<div class=\"e-con-inner\">\n\t\t\t\t<div class=\"elementor-element elementor-element-6f90667 elementor-widget elementor-widget-eael-adv-accordion\" data-id=\"6f90667\" data-element_type=\"widget\" data-e-type=\"widget\" data-widget_type=\"eael-adv-accordion.default\">\n\t\t\t\t\t            <div class=\"eael-adv-accordion\" id=\"eael-adv-accordion-6f90667\" data-scroll-on-click=\"no\" data-scroll-speed=\"300\" data-accordion-id=\"6f90667\" data-accordion-type=\"toggle\" data-toogle-speed=\"300\">\n            <div class=\"eael-accordion-list\">\n\t\t\t\t\t<div id=\"quelle-diffrence-entre-seo-technique-et-seo-de-contenu-\" class=\"elementor-tab-title eael-accordion-header\" tabindex=\"0\" data-tab=\"1\" aria-controls=\"elementor-tab-content-1161\"><span class=\"eael-advanced-accordion-icon-closed\"><svg aria-hidden=\"true\" class=\"fa-accordion-icon e-font-icon-svg e-fas-plus\" viewBox=\"0 0 448 512\" xmlns=\"http:\/\/www.w3.org\/2000\/svg\"><path d=\"M416 208H272V64c0-17.67-14.33-32-32-32h-32c-17.67 0-32 14.33-32 32v144H32c-17.67 0-32 14.33-32 32v32c0 17.67 14.33 32 32 32h144v144c0 17.67 14.33 32 32 32h32c17.67 0 32-14.33 32-32V304h144c17.67 0 32-14.33 32-32v-32c0-17.67-14.33-32-32-32z\"><\/path><\/svg><\/span><span class=\"eael-advanced-accordion-icon-opened\"><svg aria-hidden=\"true\" class=\"fa-accordion-icon e-font-icon-svg e-fas-minus\" viewBox=\"0 0 448 512\" xmlns=\"http:\/\/www.w3.org\/2000\/svg\"><path d=\"M416 208H32c-17.67 0-32 14.33-32 32v32c0 17.67 14.33 32 32 32h384c17.67 0 32-14.33 32-32v-32c0-17.67-14.33-32-32-32z\"><\/path><\/svg><\/span><span class=\"eael-accordion-tab-title\">Quelle diff\u00e9rence entre SEO technique et SEO de contenu ?<\/span><svg aria-hidden=\"true\" class=\"fa-toggle e-font-icon-svg e-fas-angle-right\" viewBox=\"0 0 256 512\" xmlns=\"http:\/\/www.w3.org\/2000\/svg\"><path d=\"M224.3 273l-136 136c-9.4 9.4-24.6 9.4-33.9 0l-22.6-22.6c-9.4-9.4-9.4-24.6 0-33.9l96.4-96.4-96.4-96.4c-9.4-9.4-9.4-24.6 0-33.9L54.3 103c9.4-9.4 24.6-9.4 33.9 0l136 136c9.5 9.4 9.5 24.6.1 34z\"><\/path><\/svg><\/div><div id=\"elementor-tab-content-1161\" class=\"eael-accordion-content clearfix\" data-tab=\"1\" aria-labelledby=\"quelle-diffrence-entre-seo-technique-et-seo-de-contenu-\"><p>Le SEO technique d\u00e9termine si Google peut acc\u00e9der \u00e0 votre site et le comprendre. Le SEO de contenu d\u00e9termine ce qu&rsquo;il va y trouver. L&rsquo;un sans l&rsquo;autre ne fonctionne pas \u2014 mais la technique est toujours la priorit\u00e9.<\/p><\/div>\n\t\t\t\t\t<\/div><div class=\"eael-accordion-list\">\n\t\t\t\t\t<div id=\"mon-site-est-rcent-ai-je-quand-mme-besoin-dun-audit-\" class=\"elementor-tab-title eael-accordion-header\" tabindex=\"0\" data-tab=\"2\" aria-controls=\"elementor-tab-content-1162\"><span class=\"eael-advanced-accordion-icon-closed\"><svg aria-hidden=\"true\" class=\"fa-accordion-icon e-font-icon-svg e-fas-plus\" viewBox=\"0 0 448 512\" xmlns=\"http:\/\/www.w3.org\/2000\/svg\"><path d=\"M416 208H272V64c0-17.67-14.33-32-32-32h-32c-17.67 0-32 14.33-32 32v144H32c-17.67 0-32 14.33-32 32v32c0 17.67 14.33 32 32 32h144v144c0 17.67 14.33 32 32 32h32c17.67 0 32-14.33 32-32V304h144c17.67 0 32-14.33 32-32v-32c0-17.67-14.33-32-32-32z\"><\/path><\/svg><\/span><span class=\"eael-advanced-accordion-icon-opened\"><svg aria-hidden=\"true\" class=\"fa-accordion-icon e-font-icon-svg e-fas-minus\" viewBox=\"0 0 448 512\" xmlns=\"http:\/\/www.w3.org\/2000\/svg\"><path d=\"M416 208H32c-17.67 0-32 14.33-32 32v32c0 17.67 14.33 32 32 32h384c17.67 0 32-14.33 32-32v-32c0-17.67-14.33-32-32-32z\"><\/path><\/svg><\/span><span class=\"eael-accordion-tab-title\">Mon site est r\u00e9cent, ai-je quand m\u00eame besoin d'un audit ?<\/span><svg aria-hidden=\"true\" class=\"fa-toggle e-font-icon-svg e-fas-angle-right\" viewBox=\"0 0 256 512\" xmlns=\"http:\/\/www.w3.org\/2000\/svg\"><path d=\"M224.3 273l-136 136c-9.4 9.4-24.6 9.4-33.9 0l-22.6-22.6c-9.4-9.4-9.4-24.6 0-33.9l96.4-96.4-96.4-96.4c-9.4-9.4-9.4-24.6 0-33.9L54.3 103c9.4-9.4 24.6-9.4 33.9 0l136 136c9.5 9.4 9.5 24.6.1 34z\"><\/path><\/svg><\/div><div id=\"elementor-tab-content-1162\" class=\"eael-accordion-content clearfix\" data-tab=\"2\" aria-labelledby=\"mon-site-est-rcent-ai-je-quand-mme-besoin-dun-audit-\"><p>Oui, souvent encore plus. Les sites r\u00e9cents accumulent des erreurs de configuration d\u00e8s le lancement qui freinent leur visibilit\u00e9 avant m\u00eame de d\u00e9marrer.<\/p><\/div>\n\t\t\t\t\t<\/div><div class=\"eael-accordion-list\">\n\t\t\t\t\t<div id=\"combien-de-temps-avant-de-voir-des-rsultats-\" class=\"elementor-tab-title eael-accordion-header\" tabindex=\"0\" data-tab=\"3\" aria-controls=\"elementor-tab-content-1163\"><span class=\"eael-advanced-accordion-icon-closed\"><svg aria-hidden=\"true\" class=\"fa-accordion-icon e-font-icon-svg e-fas-plus\" viewBox=\"0 0 448 512\" xmlns=\"http:\/\/www.w3.org\/2000\/svg\"><path d=\"M416 208H272V64c0-17.67-14.33-32-32-32h-32c-17.67 0-32 14.33-32 32v144H32c-17.67 0-32 14.33-32 32v32c0 17.67 14.33 32 32 32h144v144c0 17.67 14.33 32 32 32h32c17.67 0 32-14.33 32-32V304h144c17.67 0 32-14.33 32-32v-32c0-17.67-14.33-32-32-32z\"><\/path><\/svg><\/span><span class=\"eael-advanced-accordion-icon-opened\"><svg aria-hidden=\"true\" class=\"fa-accordion-icon e-font-icon-svg e-fas-minus\" viewBox=\"0 0 448 512\" xmlns=\"http:\/\/www.w3.org\/2000\/svg\"><path d=\"M416 208H32c-17.67 0-32 14.33-32 32v32c0 17.67 14.33 32 32 32h384c17.67 0 32-14.33 32-32v-32c0-17.67-14.33-32-32-32z\"><\/path><\/svg><\/span><span class=\"eael-accordion-tab-title\">Combien de temps avant de voir des r\u00e9sultats ?<\/span><svg aria-hidden=\"true\" class=\"fa-toggle e-font-icon-svg e-fas-angle-right\" viewBox=\"0 0 256 512\" xmlns=\"http:\/\/www.w3.org\/2000\/svg\"><path d=\"M224.3 273l-136 136c-9.4 9.4-24.6 9.4-33.9 0l-22.6-22.6c-9.4-9.4-9.4-24.6 0-33.9l96.4-96.4-96.4-96.4c-9.4-9.4-9.4-24.6 0-33.9L54.3 103c9.4-9.4 24.6-9.4 33.9 0l136 136c9.5 9.4 9.5 24.6.1 34z\"><\/path><\/svg><\/div><div id=\"elementor-tab-content-1163\" class=\"eael-accordion-content clearfix\" data-tab=\"3\" aria-labelledby=\"combien-de-temps-avant-de-voir-des-rsultats-\"><p>Les corrections techniques ont un impact mesurable dans Google Search Console en 4 \u00e0 8 semaines. Ce n&rsquo;t est pas du contenu les effets sont directs et tra\u00e7ables.<\/p><\/div>\n\t\t\t\t\t<\/div><\/div>\t\t\t\t<\/div>\n\t\t\t\t\t<\/div>\n\t\t\t\t<\/div>\n\t\t<div class=\"elementor-element elementor-element-1d66690 e-flex e-con-boxed e-con e-parent\" data-id=\"1d66690\" data-element_type=\"container\" data-e-type=\"container\">\n\t\t\t\t\t<div class=\"e-con-inner\">\n\t\t\t\t<div class=\"elementor-element elementor-element-e53abbc elementor-align-center elementor-mobile-align-center elementor-widget elementor-widget-button\" data-id=\"e53abbc\" data-element_type=\"widget\" data-e-type=\"widget\" data-widget_type=\"button.default\">\n\t\t\t\t\t\t\t\t\t\t<a class=\"elementor-button elementor-button-link elementor-size-sm elementor-animation-grow\" href=\"http:\/\/bootcampforma.online\/bochra\/formulaire-de-contact\/#\">\n\t\t\t\t\t\t<span class=\"elementor-button-content-wrapper\">\n\t\t\t\t\t\t\t\t\t<span class=\"elementor-button-text\">Demander mon audit gratuit<\/span>\n\t\t\t\t\t<\/span>\n\t\t\t\t\t<\/a>\n\t\t\t\t\t\t\t\t<\/div>\n\t\t\t\t\t<\/div>\n\t\t\t\t<\/div>\n\t\t\t\t<\/div>\n\t\t","protected":false},"excerpt":{"rendered":"<p>SEO Technique MedTech \u200b \u00a0Construire des fondations solides pour que Google vous trouve, vous comprenne et vous classe. Pourquoi le SEO technique d&rsquo;un site MedTech est diff\u00e9rent R\u00e9glementation : vos pages contiennent des mentions l\u00e9gales, des r\u00e9f\u00e9rences MDR\/CE, des avertissements cliniques. Mal structur\u00e9s, ils cr\u00e9ent des signaux contradictoires pour Google. \u00a0 Cycles d&rsquo;achat longs : [&hellip;]<\/p>\n","protected":false},"author":1,"featured_media":0,"parent":107,"menu_order":0,"comment_status":"closed","ping_status":"closed","template":"","meta":{"footnotes":""},"class_list":["post-464","page","type-page","status-publish","hentry"],"_links":{"self":[{"href":"https:\/\/bootcampforma.online\/bochra\/wp-json\/wp\/v2\/pages\/464","targetHints":{"allow":["GET"]}}],"collection":[{"href":"https:\/\/bootcampforma.online\/bochra\/wp-json\/wp\/v2\/pages"}],"about":[{"href":"https:\/\/bootcampforma.online\/bochra\/wp-json\/wp\/v2\/types\/page"}],"author":[{"embeddable":true,"href":"https:\/\/bootcampforma.online\/bochra\/wp-json\/wp\/v2\/users\/1"}],"replies":[{"embeddable":true,"href":"https:\/\/bootcampforma.online\/bochra\/wp-json\/wp\/v2\/comments?post=464"}],"version-history":[{"count":29,"href":"https:\/\/bootcampforma.online\/bochra\/wp-json\/wp\/v2\/pages\/464\/revisions"}],"predecessor-version":[{"id":564,"href":"https:\/\/bootcampforma.online\/bochra\/wp-json\/wp\/v2\/pages\/464\/revisions\/564"}],"up":[{"embeddable":true,"href":"https:\/\/bootcampforma.online\/bochra\/wp-json\/wp\/v2\/pages\/107"}],"wp:attachment":[{"href":"https:\/\/bootcampforma.online\/bochra\/wp-json\/wp\/v2\/media?parent=464"}],"curies":[{"name":"wp","href":"https:\/\/api.w.org\/{rel}","templated":true}]}}