{"id":523,"date":"2026-04-09T23:00:37","date_gmt":"2026-04-09T23:00:37","guid":{"rendered":"https:\/\/bootcampforma.online\/bochra\/?page_id=523"},"modified":"2026-04-09T23:37:01","modified_gmt":"2026-04-09T23:37:01","slug":"audit-seo-medtech-2","status":"publish","type":"page","link":"https:\/\/bootcampforma.online\/bochra\/accueil\/services\/audit-seo-medtech-2\/","title":{"rendered":"Audit SEO MedTech"},"content":{"rendered":"\t\t<div data-elementor-type=\"wp-page\" data-elementor-id=\"523\" class=\"elementor elementor-523\">\n\t\t\t\t<div class=\"elementor-element elementor-element-462df0e e-flex e-con-boxed e-con e-parent\" data-id=\"462df0e\" data-element_type=\"container\" data-e-type=\"container\">\n\t\t\t\t\t<div class=\"e-con-inner\">\n\t\t\t\t<div class=\"elementor-element elementor-element-28e0c7d elementor-widget elementor-widget-shortcode\" data-id=\"28e0c7d\" data-element_type=\"widget\" data-e-type=\"widget\" data-widget_type=\"shortcode.default\">\n\t\t\t\t\t\t\t<div class=\"elementor-shortcode\"><nav aria-label=\"breadcrumbs\" class=\"rank-math-breadcrumb\"><p><\/p><\/nav><\/div>\n\t\t\t\t\t\t<\/div>\n\t\t\t\t\t<\/div>\n\t\t\t\t<\/div>\n\t\t<div class=\"elementor-element elementor-element-2a991c5 e-flex e-con-boxed e-con e-parent\" data-id=\"2a991c5\" data-element_type=\"container\" data-e-type=\"container\" data-settings=\"{&quot;background_background&quot;:&quot;classic&quot;}\">\n\t\t\t\t\t<div class=\"e-con-inner\">\n\t\t\t\t<div class=\"elementor-element elementor-element-18beb1f elementor-widget elementor-widget-heading\" data-id=\"18beb1f\" data-element_type=\"widget\" data-e-type=\"widget\" data-widget_type=\"heading.default\">\n\t\t\t\t\t<h1 class=\"elementor-heading-title elementor-size-default\">Audit SEO MedTech <\/h1>\t\t\t\t<\/div>\n\t\t\t\t<div class=\"elementor-element elementor-element-7c29e34 elementor-widget__width-initial elementor-widget elementor-widget-text-editor\" data-id=\"7c29e34\" data-element_type=\"widget\" data-e-type=\"widget\" data-widget_type=\"text-editor.default\">\n\t\t\t\t\t\t\t\t\t<p>Identifiez pr\u00e9cis\u00e9ment ce qui freine la visibilit\u00e9 de votre site\u00a0 avant d&rsquo;investir un euro de plus.<\/p>\t\t\t\t\t\t\t\t<\/div>\n\t\t\t\t\t<\/div>\n\t\t\t\t<\/div>\n\t\t<div class=\"elementor-element elementor-element-a2a6891 e-flex e-con-boxed e-con e-parent\" data-id=\"a2a6891\" data-element_type=\"container\" data-e-type=\"container\">\n\t\t\t\t\t<div class=\"e-con-inner\">\n\t\t\t\t<div class=\"elementor-element elementor-element-f797942 elementor-widget elementor-widget-heading\" data-id=\"f797942\" data-element_type=\"widget\" data-e-type=\"widget\" data-widget_type=\"heading.default\">\n\t\t\t\t\t<h2 class=\"elementor-heading-title elementor-size-default\"> Pourquoi l'audit est le point de d\u00e9part non n\u00e9gociable<\/h2>\t\t\t\t<\/div>\n\t\t\t\t\t<\/div>\n\t\t\t\t<\/div>\n\t\t<div class=\"elementor-element elementor-element-544b20d e-flex e-con-boxed e-con e-parent\" data-id=\"544b20d\" data-element_type=\"container\" data-e-type=\"container\">\n\t\t\t\t\t<div class=\"e-con-inner\">\n\t\t<div class=\"elementor-element elementor-element-54f6c3b e-con-full e-flex e-con e-child\" data-id=\"54f6c3b\" data-element_type=\"container\" data-e-type=\"container\">\n\t\t\t\t<div class=\"elementor-element elementor-element-93dc7c8 elementor-widget elementor-widget-text-editor\" data-id=\"93dc7c8\" data-element_type=\"widget\" data-e-type=\"widget\" data-widget_type=\"text-editor.default\">\n\t\t\t\t\t\t\t\t\t<p class=\"font-claude-response-body break-words whitespace-normal leading-[1.7]\">Investir en SEO sans audit pr\u00e9alable, c&rsquo;est corriger les mauvais probl\u00e8mes, dans le mauvais ordre, avec le mauvais budget.<\/p><p>\u00a0<\/p><p class=\"font-claude-response-body break-words whitespace-normal leading-[1.7]\"><strong>Sans audit, vous risquez de :<\/strong><\/p><ul class=\"[li_&amp;]:mb-0 [li_&amp;]:mt-1 [li_&amp;]:gap-1 [&amp;:not(:last-child)_ul]:pb-1 [&amp;:not(:last-child)_ol]:pb-1 list-disc flex flex-col gap-1 pl-8 mb-3\"><li class=\"whitespace-normal break-words pl-2\">Cr\u00e9er du contenu sur des mots-cl\u00e9s que personne ne recherche<\/li><li class=\"whitespace-normal break-words pl-2\">Investir dans des liens sur un site techniquement bloqu\u00e9<\/li><li class=\"whitespace-normal break-words pl-2\">Passer \u00e0 c\u00f4t\u00e9 d&rsquo;erreurs critiques corrigeables en quelques jours<\/li><\/ul><p>\u00a0<\/p><p class=\"font-claude-response-body break-words whitespace-normal leading-[1.7]\"><strong>Avec un audit, vous obtenez :<\/strong><\/p><ul class=\"[li_&amp;]:mb-0 [li_&amp;]:mt-1 [li_&amp;]:gap-1 [&amp;:not(:last-child)_ul]:pb-1 [&amp;:not(:last-child)_ol]:pb-1 list-disc flex flex-col gap-1 pl-8 mb-3\"><li class=\"whitespace-normal break-words pl-2\">Une vision claire de ce qui bloque r\u00e9ellement votre visibilit\u00e9<\/li><li class=\"whitespace-normal break-words pl-2\">Un plan d&rsquo;action prioris\u00e9 par impact<\/li><li class=\"whitespace-normal break-words pl-2\">Une base solide avant d&rsquo;engager tout autre investissement SEO<\/li><\/ul>\t\t\t\t\t\t\t\t<\/div>\n\t\t\t\t<\/div>\n\t\t<div class=\"elementor-element elementor-element-f648c16 e-con-full e-flex e-con e-child\" data-id=\"f648c16\" data-element_type=\"container\" data-e-type=\"container\">\n\t\t\t\t<div class=\"elementor-element elementor-element-a106abe elementor-widget elementor-widget-image\" data-id=\"a106abe\" data-element_type=\"widget\" data-e-type=\"widget\" data-widget_type=\"image.default\">\n\t\t\t\t\t\t\t\t\t\t\t\t\t\t\t<img fetchpriority=\"high\" decoding=\"async\" width=\"800\" height=\"450\" src=\"https:\/\/bootcampforma.online\/bochra\/wp-content\/uploads\/2026\/04\/photo-Indexamed-1024x576.jpg\" class=\"attachment-large size-large wp-image-531\" alt=\"\" srcset=\"https:\/\/bootcampforma.online\/bochra\/wp-content\/uploads\/2026\/04\/photo-Indexamed-1024x576.jpg 1024w, https:\/\/bootcampforma.online\/bochra\/wp-content\/uploads\/2026\/04\/photo-Indexamed-300x169.jpg 300w, https:\/\/bootcampforma.online\/bochra\/wp-content\/uploads\/2026\/04\/photo-Indexamed-768x432.jpg 768w, https:\/\/bootcampforma.online\/bochra\/wp-content\/uploads\/2026\/04\/photo-Indexamed.jpg 1200w\" sizes=\"(max-width: 800px) 100vw, 800px\" \/>\t\t\t\t\t\t\t\t\t\t\t\t\t\t\t<\/div>\n\t\t\t\t<\/div>\n\t\t\t\t\t<\/div>\n\t\t\t\t<\/div>\n\t\t<div class=\"elementor-element elementor-element-25da7a5 e-flex e-con-boxed e-con e-parent\" data-id=\"25da7a5\" data-element_type=\"container\" data-e-type=\"container\">\n\t\t\t\t\t<div class=\"e-con-inner\">\n\t\t\t\t<div class=\"elementor-element elementor-element-92e9b67 elementor-widget elementor-widget-heading\" data-id=\"92e9b67\" data-element_type=\"widget\" data-e-type=\"widget\" data-widget_type=\"heading.default\">\n\t\t\t\t\t<h2 class=\"elementor-heading-title elementor-size-default\">Ce que comprend l'audit SEO MedTech<\/h2>\t\t\t\t<\/div>\n\t\t\t\t\t<\/div>\n\t\t\t\t<\/div>\n\t\t<div class=\"elementor-element elementor-element-c654558 e-grid e-con-boxed e-con e-parent\" data-id=\"c654558\" data-element_type=\"container\" data-e-type=\"container\">\n\t\t\t\t\t<div class=\"e-con-inner\">\n\t\t<div class=\"elementor-element elementor-element-bafe862 e-con-full e-flex e-con e-child\" data-id=\"bafe862\" data-element_type=\"container\" data-e-type=\"container\" data-settings=\"{&quot;background_background&quot;:&quot;classic&quot;}\">\n\t\t\t\t<div class=\"elementor-element elementor-element-3f25dda elementor-widget elementor-widget-text-editor\" data-id=\"3f25dda\" data-element_type=\"widget\" data-e-type=\"widget\" data-widget_type=\"text-editor.default\">\n\t\t\t\t\t\t\t\t\t<p><strong>Analyse technique<\/strong><\/p><p>Indexation, performance, architecture, s\u00e9curit\u00e9 : tout ce qui conditionne la capacit\u00e9 de Google \u00e0 explorer et comprendre votre site. Aucune anomalie ne passe.<\/p>\t\t\t\t\t\t\t\t<\/div>\n\t\t\t\t<\/div>\n\t\t<div class=\"elementor-element elementor-element-6a046cf e-con-full e-flex e-con e-child\" data-id=\"6a046cf\" data-element_type=\"container\" data-e-type=\"container\" data-settings=\"{&quot;background_background&quot;:&quot;classic&quot;}\">\n\t\t\t\t<div class=\"elementor-element elementor-element-b0b09aa elementor-widget elementor-widget-text-editor\" data-id=\"b0b09aa\" data-element_type=\"widget\" data-e-type=\"widget\" data-widget_type=\"text-editor.default\">\n\t\t\t\t\t\t\t\t\t<p><strong>Analyse s\u00e9mantique &amp; positionnement<\/strong><\/p><p>Quels mots-cl\u00e9s vous ciblez, lesquels vous ratez, o\u00f9 se situent vos concurrents. Vous identifiez les opportunit\u00e9s de visibilit\u00e9 inexploit\u00e9es dans votre niche MedTech.<\/p>\t\t\t\t\t\t\t\t<\/div>\n\t\t\t\t<\/div>\n\t\t<div class=\"elementor-element elementor-element-35b0196 e-con-full e-flex e-con e-child\" data-id=\"35b0196\" data-element_type=\"container\" data-e-type=\"container\" data-settings=\"{&quot;background_background&quot;:&quot;classic&quot;}\">\n\t\t\t\t<div class=\"elementor-element elementor-element-3615e6d elementor-widget elementor-widget-text-editor\" data-id=\"3615e6d\" data-element_type=\"widget\" data-e-type=\"widget\" data-widget_type=\"text-editor.default\">\n\t\t\t\t\t\t\t\t\t<p><strong>Audit de contenu<\/strong><\/p><p>Qualit\u00e9, structure, couverture th\u00e9matique, cannibalisation : chaque page est \u00e9valu\u00e9e selon sa capacit\u00e9 \u00e0 ranker et \u00e0 convertir un visiteur B2B.<\/p>\t\t\t\t\t\t\t\t<\/div>\n\t\t\t\t<\/div>\n\t\t<div class=\"elementor-element elementor-element-3799b96 e-con-full e-flex e-con e-child\" data-id=\"3799b96\" data-element_type=\"container\" data-e-type=\"container\" data-settings=\"{&quot;background_background&quot;:&quot;classic&quot;}\">\n\t\t\t\t<div class=\"elementor-element elementor-element-6cffc54 elementor-widget elementor-widget-text-editor\" data-id=\"6cffc54\" data-element_type=\"widget\" data-e-type=\"widget\" data-widget_type=\"text-editor.default\">\n\t\t\t\t\t\t\t\t\t<p><strong>Analyse du maillage interne<\/strong><\/p><p>Vos pages se renforcent-elles mutuellement ou s&rsquo;ignorent-elles ? Le maillage interne est souvent le levier le plus sous-exploit\u00e9 en MedTech.<\/p>\t\t\t\t\t\t\t\t<\/div>\n\t\t\t\t<\/div>\n\t\t<div class=\"elementor-element elementor-element-0b9c2d2 e-con-full e-flex e-con e-child\" data-id=\"0b9c2d2\" data-element_type=\"container\" data-e-type=\"container\" data-settings=\"{&quot;background_background&quot;:&quot;classic&quot;}\">\n\t\t\t\t<div class=\"elementor-element elementor-element-6ab88f0 elementor-widget elementor-widget-text-editor\" data-id=\"6ab88f0\" data-element_type=\"widget\" data-e-type=\"widget\" data-widget_type=\"text-editor.default\">\n\t\t\t\t\t\t\t\t\t<p><strong>Analyse de l&rsquo;autorit\u00e9 de domaine<\/strong><\/p><p>Profil de liens entrants, qualit\u00e9 des backlinks, comparaison avec vos concurrents directs. Vous savez o\u00f9 vous en \u00eates dans la course \u00e0 l&rsquo;autorit\u00e9.<\/p>\t\t\t\t\t\t\t\t<\/div>\n\t\t\t\t<\/div>\n\t\t<div class=\"elementor-element elementor-element-e24910e e-con-full e-flex e-con e-child\" data-id=\"e24910e\" data-element_type=\"container\" data-e-type=\"container\" data-settings=\"{&quot;background_background&quot;:&quot;classic&quot;}\">\n\t\t\t\t<div class=\"elementor-element elementor-element-0f508cb elementor-widget elementor-widget-text-editor\" data-id=\"0f508cb\" data-element_type=\"widget\" data-e-type=\"widget\" data-widget_type=\"text-editor.default\">\n\t\t\t\t\t\t\t\t\t<p><strong>Analyse UX &amp; conversion<\/strong><\/p><p>Un site bien positionn\u00e9 qui ne convertit pas ne sert \u00e0 rien. L&rsquo;audit int\u00e8gre une lecture des parcours utilisateurs et des points de friction pour vos cibles B2B.<\/p>\t\t\t\t\t\t\t\t<\/div>\n\t\t\t\t<\/div>\n\t\t\t\t\t<\/div>\n\t\t\t\t<\/div>\n\t\t<div class=\"elementor-element elementor-element-d415d63 e-flex e-con-boxed e-con e-parent\" data-id=\"d415d63\" data-element_type=\"container\" data-e-type=\"container\">\n\t\t\t\t\t<div class=\"e-con-inner\">\n\t\t\t\t<div class=\"elementor-element elementor-element-d48689e elementor-widget elementor-widget-heading\" data-id=\"d48689e\" data-element_type=\"widget\" data-e-type=\"widget\" data-widget_type=\"heading.default\">\n\t\t\t\t\t<h2 class=\"elementor-heading-title elementor-size-default\">Les 4 \u00e9tapes de l'audit<\/h2>\t\t\t\t<\/div>\n\t\t\t\t\t<\/div>\n\t\t\t\t<\/div>\n\t\t<div class=\"elementor-element elementor-element-983a07c e-flex e-con-boxed e-con e-parent\" data-id=\"983a07c\" data-element_type=\"container\" data-e-type=\"container\">\n\t\t\t\t\t<div class=\"e-con-inner\">\n\t\t<div class=\"elementor-element elementor-element-b838fac e-con-full e-flex e-con e-child\" data-id=\"b838fac\" data-element_type=\"container\" data-e-type=\"container\" data-settings=\"{&quot;background_background&quot;:&quot;classic&quot;}\">\n\t\t\t\t<div class=\"elementor-element elementor-element-42be207 elementor-widget elementor-widget-text-editor\" data-id=\"42be207\" data-element_type=\"widget\" data-e-type=\"widget\" data-widget_type=\"text-editor.default\">\n\t\t\t\t\t\t\t\t\t<p class=\"font-claude-response-body break-words whitespace-normal leading-[1.7]\"><strong>1 Collecte &amp; analyse des donn\u00e9es (Semaine 1) : <\/strong>Acc\u00e8s \u00e0 Google Search Console, Google Analytics, crawl complet du site. Photographie pr\u00e9cise de l&rsquo;\u00e9tat actuel de votre visibilit\u00e9.<\/p><p class=\"font-claude-response-body break-words whitespace-normal leading-[1.7]\"><strong>2\u00a0 Diagnostic multi-axes\u00a0 (Semaine 1 \u00e0 2)<\/strong> : Analyse crois\u00e9e technique, s\u00e9mantique, contenu, autorit\u00e9. Chaque probl\u00e8me est identifi\u00e9, qualifi\u00e9 et prioris\u00e9 selon son impact r\u00e9el sur votre trafic.<\/p><p class=\"font-claude-response-body break-words whitespace-normal leading-[1.7]\"><strong>3 Rapport livrable (Semaine 2):\u00a0<\/strong> Document structur\u00e9, lisible par un dirigeant comme par une \u00e9quipe technique. Chaque recommandation est accompagn\u00e9e de son niveau de priorit\u00e9 et de son impact estim\u00e9.<\/p><p class=\"font-claude-response-body break-words whitespace-normal leading-[1.7]\"><strong>4\u00a0 Session de restitution\u00a0 (Semaine 2):\u00a0<\/strong> Appel de 60 minutes pour parcourir les r\u00e9sultats ensemble, r\u00e9pondre \u00e0 vos questions et d\u00e9finir les prochaines \u00e9tapes. Vous repartez avec un plan d&rsquo;action clair.<\/p>\t\t\t\t\t\t\t\t<\/div>\n\t\t\t\t<\/div>\n\t\t\t\t\t<\/div>\n\t\t\t\t<\/div>\n\t\t<div class=\"elementor-element elementor-element-06d7810 e-flex e-con-boxed e-con e-parent\" data-id=\"06d7810\" data-element_type=\"container\" data-e-type=\"container\">\n\t\t\t\t\t<div class=\"e-con-inner\">\n\t\t\t\t<div class=\"elementor-element elementor-element-c7d07c7 elementor-widget elementor-widget-heading\" data-id=\"c7d07c7\" data-element_type=\"widget\" data-e-type=\"widget\" data-widget_type=\"heading.default\">\n\t\t\t\t\t<h2 class=\"elementor-heading-title elementor-size-default\">Ce que vous recevez<\/h2>\t\t\t\t<\/div>\n\t\t\t\t\t<\/div>\n\t\t\t\t<\/div>\n\t\t<div class=\"elementor-element elementor-element-2b79239 e-flex e-con-boxed e-con e-parent\" data-id=\"2b79239\" data-element_type=\"container\" data-e-type=\"container\">\n\t\t\t\t\t<div class=\"e-con-inner\">\n\t\t\t\t<div class=\"elementor-element elementor-element-ec53132 elementor-widget elementor-widget-text-editor\" data-id=\"ec53132\" data-element_type=\"widget\" data-e-type=\"widget\" data-widget_type=\"text-editor.default\">\n\t\t\t\t\t\t\t\t\t<ul><li class=\"whitespace-normal break-words pl-2\">Rapport d&rsquo;audit complet (PDF structur\u00e9, 30 \u00e0 50 pages)<\/li><li class=\"whitespace-normal break-words pl-2\">Tableau de recommandations prioris\u00e9es (criticit\u00e9 haute \/ moyenne \/ faible)<\/li><li class=\"whitespace-normal break-words pl-2\">Analyse concurrentielle sur 3 \u00e0 5 acteurs MedTech de votre march\u00e9<\/li><li class=\"whitespace-normal break-words pl-2\">Carte des opportunit\u00e9s s\u00e9mantiques inexploit\u00e9es<\/li><li class=\"whitespace-normal break-words pl-2\">Session de restitution de 60 minutes incluse<\/li><li class=\"whitespace-normal break-words pl-2\">Feuille de route potentiel avec Indexamed sur 6 mois<\/li><\/ul>\t\t\t\t\t\t\t\t<\/div>\n\t\t\t\t\t<\/div>\n\t\t\t\t<\/div>\n\t\t<div class=\"elementor-element elementor-element-4406ddd e-flex e-con-boxed e-con e-parent\" data-id=\"4406ddd\" data-element_type=\"container\" data-e-type=\"container\">\n\t\t\t\t\t<div class=\"e-con-inner\">\n\t\t\t\t<div class=\"elementor-element elementor-element-9f8a357 elementor-widget elementor-widget-heading\" data-id=\"9f8a357\" data-element_type=\"widget\" data-e-type=\"widget\" data-widget_type=\"heading.default\">\n\t\t\t\t\t<h2 class=\"elementor-heading-title elementor-size-default\">Questions fr\u00e9quentes<\/h2>\t\t\t\t<\/div>\n\t\t\t\t\t<\/div>\n\t\t\t\t<\/div>\n\t\t<div class=\"elementor-element elementor-element-cc56da9 e-flex e-con-boxed e-con e-parent\" data-id=\"cc56da9\" data-element_type=\"container\" data-e-type=\"container\">\n\t\t\t\t\t<div class=\"e-con-inner\">\n\t\t\t\t<div class=\"elementor-element elementor-element-6f90667 elementor-widget elementor-widget-eael-adv-accordion\" data-id=\"6f90667\" data-element_type=\"widget\" data-e-type=\"widget\" data-widget_type=\"eael-adv-accordion.default\">\n\t\t\t\t\t            <div class=\"eael-adv-accordion\" id=\"eael-adv-accordion-6f90667\" data-scroll-on-click=\"no\" data-scroll-speed=\"300\" data-accordion-id=\"6f90667\" data-accordion-type=\"toggle\" data-toogle-speed=\"300\">\n            <div class=\"eael-accordion-list\">\n\t\t\t\t\t<div id=\"combien-de-temps-dure-un-audit-\" class=\"elementor-tab-title eael-accordion-header\" tabindex=\"0\" data-tab=\"1\" aria-controls=\"elementor-tab-content-1161\"><span class=\"eael-advanced-accordion-icon-closed\"><svg aria-hidden=\"true\" class=\"fa-accordion-icon e-font-icon-svg e-fas-plus\" viewBox=\"0 0 448 512\" xmlns=\"http:\/\/www.w3.org\/2000\/svg\"><path d=\"M416 208H272V64c0-17.67-14.33-32-32-32h-32c-17.67 0-32 14.33-32 32v144H32c-17.67 0-32 14.33-32 32v32c0 17.67 14.33 32 32 32h144v144c0 17.67 14.33 32 32 32h32c17.67 0 32-14.33 32-32V304h144c17.67 0 32-14.33 32-32v-32c0-17.67-14.33-32-32-32z\"><\/path><\/svg><\/span><span class=\"eael-advanced-accordion-icon-opened\"><svg aria-hidden=\"true\" class=\"fa-accordion-icon e-font-icon-svg e-fas-minus\" viewBox=\"0 0 448 512\" xmlns=\"http:\/\/www.w3.org\/2000\/svg\"><path d=\"M416 208H32c-17.67 0-32 14.33-32 32v32c0 17.67 14.33 32 32 32h384c17.67 0 32-14.33 32-32v-32c0-17.67-14.33-32-32-32z\"><\/path><\/svg><\/span><span class=\"eael-accordion-tab-title\">Combien de temps dure un audit ?<\/span><svg aria-hidden=\"true\" class=\"fa-toggle e-font-icon-svg e-fas-angle-right\" viewBox=\"0 0 256 512\" xmlns=\"http:\/\/www.w3.org\/2000\/svg\"><path d=\"M224.3 273l-136 136c-9.4 9.4-24.6 9.4-33.9 0l-22.6-22.6c-9.4-9.4-9.4-24.6 0-33.9l96.4-96.4-96.4-96.4c-9.4-9.4-9.4-24.6 0-33.9L54.3 103c9.4-9.4 24.6-9.4 33.9 0l136 136c9.5 9.4 9.5 24.6.1 34z\"><\/path><\/svg><\/div><div id=\"elementor-tab-content-1161\" class=\"eael-accordion-content clearfix\" data-tab=\"1\" aria-labelledby=\"combien-de-temps-dure-un-audit-\"><p>Entre 10 et 15 jours ouvr\u00e9s selon la taille de votre site. Vous recevez le rapport complet \u00e0 l&rsquo;issue, pas un r\u00e9sum\u00e9 de 3 pages.<\/p><\/div>\n\t\t\t\t\t<\/div><div class=\"eael-accordion-list\">\n\t\t\t\t\t<div id=\"faut-il-me-donner-accs-mes-outils-\" class=\"elementor-tab-title eael-accordion-header\" tabindex=\"0\" data-tab=\"2\" aria-controls=\"elementor-tab-content-1162\"><span class=\"eael-advanced-accordion-icon-closed\"><svg aria-hidden=\"true\" class=\"fa-accordion-icon e-font-icon-svg e-fas-plus\" viewBox=\"0 0 448 512\" xmlns=\"http:\/\/www.w3.org\/2000\/svg\"><path d=\"M416 208H272V64c0-17.67-14.33-32-32-32h-32c-17.67 0-32 14.33-32 32v144H32c-17.67 0-32 14.33-32 32v32c0 17.67 14.33 32 32 32h144v144c0 17.67 14.33 32 32 32h32c17.67 0 32-14.33 32-32V304h144c17.67 0 32-14.33 32-32v-32c0-17.67-14.33-32-32-32z\"><\/path><\/svg><\/span><span class=\"eael-advanced-accordion-icon-opened\"><svg aria-hidden=\"true\" class=\"fa-accordion-icon e-font-icon-svg e-fas-minus\" viewBox=\"0 0 448 512\" xmlns=\"http:\/\/www.w3.org\/2000\/svg\"><path d=\"M416 208H32c-17.67 0-32 14.33-32 32v32c0 17.67 14.33 32 32 32h384c17.67 0 32-14.33 32-32v-32c0-17.67-14.33-32-32-32z\"><\/path><\/svg><\/span><span class=\"eael-accordion-tab-title\">Faut-il me donner acc\u00e8s \u00e0 mes outils ?<\/span><svg aria-hidden=\"true\" class=\"fa-toggle e-font-icon-svg e-fas-angle-right\" viewBox=\"0 0 256 512\" xmlns=\"http:\/\/www.w3.org\/2000\/svg\"><path d=\"M224.3 273l-136 136c-9.4 9.4-24.6 9.4-33.9 0l-22.6-22.6c-9.4-9.4-9.4-24.6 0-33.9l96.4-96.4-96.4-96.4c-9.4-9.4-9.4-24.6 0-33.9L54.3 103c9.4-9.4 24.6-9.4 33.9 0l136 136c9.5 9.4 9.5 24.6.1 34z\"><\/path><\/svg><\/div><div id=\"elementor-tab-content-1162\" class=\"eael-accordion-content clearfix\" data-tab=\"2\" aria-labelledby=\"faut-il-me-donner-accs-mes-outils-\"><p>Oui. L&rsquo;acc\u00e8s \u00e0 Google Search Console et Google Analytics est indispensable pour un audit fiable. Sans donn\u00e9es r\u00e9elles, un audit n&rsquo;est qu&rsquo;une analyse de surface.<\/p><\/div>\n\t\t\t\t\t<\/div><div class=\"eael-accordion-list\">\n\t\t\t\t\t<div id=\"laudit-inclut-il-limplmentation-des-corrections-\" class=\"elementor-tab-title eael-accordion-header\" tabindex=\"0\" data-tab=\"3\" aria-controls=\"elementor-tab-content-1163\"><span class=\"eael-advanced-accordion-icon-closed\"><svg aria-hidden=\"true\" class=\"fa-accordion-icon e-font-icon-svg e-fas-plus\" viewBox=\"0 0 448 512\" xmlns=\"http:\/\/www.w3.org\/2000\/svg\"><path d=\"M416 208H272V64c0-17.67-14.33-32-32-32h-32c-17.67 0-32 14.33-32 32v144H32c-17.67 0-32 14.33-32 32v32c0 17.67 14.33 32 32 32h144v144c0 17.67 14.33 32 32 32h32c17.67 0 32-14.33 32-32V304h144c17.67 0 32-14.33 32-32v-32c0-17.67-14.33-32-32-32z\"><\/path><\/svg><\/span><span class=\"eael-advanced-accordion-icon-opened\"><svg aria-hidden=\"true\" class=\"fa-accordion-icon e-font-icon-svg e-fas-minus\" viewBox=\"0 0 448 512\" xmlns=\"http:\/\/www.w3.org\/2000\/svg\"><path d=\"M416 208H32c-17.67 0-32 14.33-32 32v32c0 17.67 14.33 32 32 32h384c17.67 0 32-14.33 32-32v-32c0-17.67-14.33-32-32-32z\"><\/path><\/svg><\/span><span class=\"eael-accordion-tab-title\">L'audit inclut-il l'impl\u00e9mentation des corrections ?<\/span><svg aria-hidden=\"true\" class=\"fa-toggle e-font-icon-svg e-fas-angle-right\" viewBox=\"0 0 256 512\" xmlns=\"http:\/\/www.w3.org\/2000\/svg\"><path d=\"M224.3 273l-136 136c-9.4 9.4-24.6 9.4-33.9 0l-22.6-22.6c-9.4-9.4-9.4-24.6 0-33.9l96.4-96.4-96.4-96.4c-9.4-9.4-9.4-24.6 0-33.9L54.3 103c9.4-9.4 24.6-9.4 33.9 0l136 136c9.5 9.4 9.5 24.6.1 34z\"><\/path><\/svg><\/div><div id=\"elementor-tab-content-1163\" class=\"eael-accordion-content clearfix\" data-tab=\"3\" aria-labelledby=\"laudit-inclut-il-limplmentation-des-corrections-\"><p>Non. L&rsquo;audit est un livrable ind\u00e9pendant. Si vous souhaitez passer \u00e0 l&rsquo;impl\u00e9mentation, cela fait l&rsquo;objet d&rsquo;une mission s\u00e9par\u00e9e SEO Technique, Contenu ou Netlinking selon les priorit\u00e9s identifi\u00e9es.<\/p><\/div>\n\t\t\t\t\t<\/div><\/div>\t\t\t\t<\/div>\n\t\t\t\t\t<\/div>\n\t\t\t\t<\/div>\n\t\t<div class=\"elementor-element elementor-element-1d66690 e-flex e-con-boxed e-con e-parent\" data-id=\"1d66690\" data-element_type=\"container\" data-e-type=\"container\">\n\t\t\t\t\t<div class=\"e-con-inner\">\n\t\t\t\t<div class=\"elementor-element elementor-element-e53abbc elementor-align-center elementor-mobile-align-center elementor-widget elementor-widget-button\" data-id=\"e53abbc\" data-element_type=\"widget\" data-e-type=\"widget\" data-widget_type=\"button.default\">\n\t\t\t\t\t\t\t\t\t\t<a class=\"elementor-button elementor-button-link elementor-size-sm elementor-animation-grow\" href=\"http:\/\/bootcampforma.online\/bochra\/formulaire-de-contact\/#\">\n\t\t\t\t\t\t<span class=\"elementor-button-content-wrapper\">\n\t\t\t\t\t\t\t\t\t<span class=\"elementor-button-text\">Demander mon audit gratuit<\/span>\n\t\t\t\t\t<\/span>\n\t\t\t\t\t<\/a>\n\t\t\t\t\t\t\t\t<\/div>\n\t\t\t\t\t<\/div>\n\t\t\t\t<\/div>\n\t\t\t\t<\/div>\n\t\t","protected":false},"excerpt":{"rendered":"<p>Audit SEO MedTech Identifiez pr\u00e9cis\u00e9ment ce qui freine la visibilit\u00e9 de votre site\u00a0 avant d&rsquo;investir un euro de plus. Pourquoi l&rsquo;audit est le point de d\u00e9part non n\u00e9gociable Investir en SEO sans audit pr\u00e9alable, c&rsquo;est corriger les mauvais probl\u00e8mes, dans le mauvais ordre, avec le mauvais budget. \u00a0 Sans audit, vous risquez de : Cr\u00e9er [&hellip;]<\/p>\n","protected":false},"author":1,"featured_media":0,"parent":107,"menu_order":0,"comment_status":"closed","ping_status":"closed","template":"","meta":{"footnotes":""},"class_list":["post-523","page","type-page","status-publish","hentry"],"_links":{"self":[{"href":"https:\/\/bootcampforma.online\/bochra\/wp-json\/wp\/v2\/pages\/523","targetHints":{"allow":["GET"]}}],"collection":[{"href":"https:\/\/bootcampforma.online\/bochra\/wp-json\/wp\/v2\/pages"}],"about":[{"href":"https:\/\/bootcampforma.online\/bochra\/wp-json\/wp\/v2\/types\/page"}],"author":[{"embeddable":true,"href":"https:\/\/bootcampforma.online\/bochra\/wp-json\/wp\/v2\/users\/1"}],"replies":[{"embeddable":true,"href":"https:\/\/bootcampforma.online\/bochra\/wp-json\/wp\/v2\/comments?post=523"}],"version-history":[{"count":13,"href":"https:\/\/bootcampforma.online\/bochra\/wp-json\/wp\/v2\/pages\/523\/revisions"}],"predecessor-version":[{"id":542,"href":"https:\/\/bootcampforma.online\/bochra\/wp-json\/wp\/v2\/pages\/523\/revisions\/542"}],"up":[{"embeddable":true,"href":"https:\/\/bootcampforma.online\/bochra\/wp-json\/wp\/v2\/pages\/107"}],"wp:attachment":[{"href":"https:\/\/bootcampforma.online\/bochra\/wp-json\/wp\/v2\/media?parent=523"}],"curies":[{"name":"wp","href":"https:\/\/api.w.org\/{rel}","templated":true}]}}